ivided by (-3003)/(-275) - (-8)/100?
8
Suppose -5*l + 3*v + 58 = -0*v, 4*l - v - 45 = 0. Suppose 25 + 1 = 13*w. Calculate the remainder when l is divided by w.
1
Let b(l) = -92 + 2*l + 18*l**2 + 96 + l. What is the remainder when b(-1) is divided by 11?
8
What is the remainder when 323 is divided by -8*5/20*-6?
11
Let k be (-8 - 135/(-18)) + 2/(-4). Let o(y) = -41*y - 2. What is the remainder when 116 is divided by o(k)?
38
Let b(m) = 2*m - 3. Let g be b(0). Let v(d) = -d**2 - 8*d - 6. Calculate the remainder when 35 is divided by v(g).
8
Let q = -84 + 68. What is the remainder when 45 is divided by (q/(-10) + -2)/((-11)/330)?
9
Let t(a) = -71*a**2 - 2*a - 1. Let p be t(-1). Let v = -59 - p. What is the remainder when 30 is divided by v?
8
Suppose 9*o - 11*o - 4*s + 148 = 0, -3*o + 228 = 3*s. What is the remainder when 175 is divided by o?
19
Let x(j) = -19*j - 81. Suppose -5*t - 114 = -764. Calculate the remainder when t is divided by x(-6).
31
Let w(d) = -13*d - 172. What is the remainder when 52 is divided by w(-15)?
6
Let a = -18 + 54. Calculate the remainder when 1932/a - 1/(-3) is divided by 28.
26
Let l(h) = 0*h - h**2 + 49 - 4*h + 6*h - h. Let c be l(0). Let o = 125 - c. What is the remainder when o is divided by 13?
11
Let u(h) = h**2 + 2*h - 37. What is the remainder when 97 is divided by u(6)?
9
Let c = -6 + 12. Calculate the remainder when c is divided by 2/(-3 - (5/(-2) + -1)).
2
Let c(h) = -4*h**3 - 3*h**2 - 6*h - 11. What is the remainder when 83 is divided by c(-2)?
20
Let g(s) = -s**3 - 5*s**2 - 6*s - 4. Let j be g(-4). Calculate the remainder when (4/8)/(j/520) is divided by 33.
32
Let q(p) = p**2 - 6*p - 21. What is the remainder when ((-12)/8)/(2/(-12)) is divided by q(9)?
3
Calculate the remainder when (-7)/(0 + (-9)/225) is divided by 60.
55
Suppose 0 = 3*k - 47 - 31. Suppose -f + 5 = 0, -f = 2*q - k - 7. Calculate the remainder when 25 is divided by q.
11
Suppose -5*r - 2*l + 3*l = -30, 3*r - 2*l = 18. What is the remainder when -1*r*(-145)/10 is divided by 10?
7
Let q(s) = -s + 3. Let v be q(3). Suppose v = -2*t + 7*t - 135. Suppose -2*l + 24 = 3*c, 4 + 8 = -4*l. What is the remainder when t is divided by c?
7
Let c(t) = 3*t + 4. Suppose -h = 6*h - 84. Suppose 5*q = -q + h. What is the remainder when 36 is divided by c(q)?
6
Let r be (-3)/18 - 8/(48/35). What is the remainder when 19 is divided by r + 1 - (-34)/2?
7
Suppose v = -5*b + 43, -8*v + 47 = 4*b - 3*v. Suppose k - 13 = 3*t + b, -4*k + 3*t = -39. Calculate the remainder when 11 is divided by k.
5
Suppose -2*v = o - v - 60, 0 = -o - 3*v + 50. What is the remainder when o is divided by 22?
21
Let r = -3568 + 3618. Let t be 9/(-6) + 1/2. Calculate the remainder when r is divided by (17 - (-2 + 1)) + t.
16
Suppose -11 + 2 = -w. Let z(u) be the third derivative of -u**6/120 + u**5/6 - u**4/3 - u**3/6 - u**2. What is the remainder when 30 is divided by z(w)?
6
Let w = 4 + 0. Calculate the remainder when (25/15)/((-2)/(-42)*1) is divided by w.
3
Let i = 202 + -157. Calculate the remainder when i is divided by 18.
9
Let x = -170 + 276. Calculate the remainder when x is divided by 41.
24
Let k(i) = 3*i**2 - 16*i + 43. Let j(m) = 40*m**2. Suppose 0*o = -o - 1. What is the remainder when j(o) is divided by k(3)?
18
Suppose 0 = -4*j, 0 = 3*o + 2*j - 3*j - 129. What is the remainder when (-3)/6*-166 - 0 is divided by o?
40
Let k be 9 + -1 + (-16)/(-12)*-3. Suppose -7*t + 2*t - 20 = 0, k*a = -3*t + 344. Let x = 50 + -27. What is the remainder when a is divided by x?
20
Let n = 4 + -2. Let k be (-5)/n - (-3)/6. What is the remainder when (21 - -1) + 6/k is divided by 10?
9
Let i(l) = -l**3 - 21*l**2 - 19*l + 32. Calculate the remainder when 17 is divided by i(-20).
5
Suppose -5*i - 4*v = -299, 5*i + 0*i = 3*v + 327. Calculate the remainder when i is divided by 27.
9
Let g(c) = 4*c + 12. Let u be g(-9). Let a be (1/1)/((-8)/u). What is the remainder when 22 is divided by (-2)/(a - 17/5)?
2
Let w(v) = -v**2 + 8*v - 12. Let l be w(10). Let h = -52 - l. Let u = 9 - h. Calculate the remainder when u is divided by 8.
5
Suppose -3*v + 555 = 2*p, -2*v = -6*v + 4*p + 720. Suppose -5*x + q = -v, -q - 2*q + 135 = 4*x. What is the remainder when x is divided by 13?
10
Suppose -86*w = -84*w - 94. What is the remainder when 228 is divided by w?
40
Suppose -18*u = -1297 + 343. Calculate the remainder when u is divided by 30.
23
Let a = 6 - 24. Let t = 25 + a. Suppose 5*p = -5*j + 9*j - 114, -4*j + p + 106 = 0. What is the remainder when j is divided by t?
5
Let n be -36*((-2)/4 + 0). Let a = -16 + n. Suppose -4*d - 15 = 5, -55 = -3*g + a*d. What is the remainder when 29 is divided by g?
14
Let m(q) be the second derivative of q**4/12 - q**3/6 - 9*q**2/2 - q. Calculate the remainder when m(8) is divided by (14 + 2)/(-2)*-3.
23
Let d = -331 + 562. Let i = d + -95. Suppose -p - i = -5*t, 5*t - t - 109 = p. What is the remainder when t is divided by 14?
13
Let z(x) = x**3 - 15*x**2 - 15*x + 3. Calculate the remainder when 94 is divided by z(16).
18
Let h(b) = -2*b**2 - 8*b + 7. Let i be h(6). Calculate the remainder when -2*15/10*i/3 is divided by 38.
37
What is the remainder when 50 is divided by (6/(-12) - 0)/((-3)/162)?
23
Let p = 24 - 21. Suppose -2*b - 75 = -7*b + 5*g, -p*g - 64 = -4*b. What is the remainder when 73 is divided by b?
16
Let k(i) = 69*i**2 + 22*i + 1. What is the remainder when 275 is divided by k(1)?
91
Let w = 5 - 0. Let b(z) = 32*z - 189. What is the remainder when w is divided by b(6)?
2
Suppose 5*v = 3*n - 99, -v - 67 = -2*n + 2*v. Suppose -2*k = a + a - n, -2*k = 2. What is the remainder when 59 is divided by a?
19
Let m = 428 - 418. Suppose 0 = -4*s + 5 + 19. What is the remainder when m is divided by s?
4
Let i(b) = b**2 + 6*b + 4. Let x be i(-7). Suppose -2*j + x = -5*q, 7*j - 2*j - 68 = -q. What is the remainder when (0 - 7) + 12 - -20 is divided by j?
12
Let v(j) = j**2 + 74*j + 964. What is the remainder when v(-59) is divided by 77?
2
Let g = -298 + 140. Let l = -56 - g. Calculate the remainder when l is divided by 26.
24
Let b(a) = -a**3 - 6*a**2 + 4*a + 1. Let h(m) = 11*m**2 - 2. What is the remainder when h(-2) is divided by b(-7)?
20
Let b(q) = q**2 - 14*q - 63. Calculate the remainder when b(19) is divided by 11.
10
Let m = -174 + 225. Calculate the remainder when 99 is divided by m.
48
Suppose -26*x = 204 - 646. Let k be 3*-2 - (-1 + 1). Let j = x + k. Calculate the remainder when j is divided by 6.
5
Let k = 28 + -9. Suppose 0 = 2*x - 10, -2*i + 0*x + k = 3*x. Suppose -i*u = -2, t - 2*u - 102 = -3*t. Calculate the remainder when t is divided by 10.
6
Suppose -466 = 31*y - 33*y - h, -h = -2*y + 458. What is the remainder when y is divided by 58?
57
What is the remainder when 128 is divided by 6/4 - (300/(-8) + 14)?
3
Suppose -20 = -10*q + 5*q. Suppose 0 = -3*w - q*d + 22 - 3, 0 = -4*w + 3*d + 67. What is the remainder when 36 is divided by w?
10
Let n(o) = -34*o - 8. Let t be n(-12). Suppose -4*d = -4*a + t, -5*a - 4*d = d - 460. Calculate the remainder when a is divided by 33.
30
Suppose 10*o - 14*o - d + 272 = 0, d = -4. What is the remainder when 4552 is divided by o?
67
Let v = 394 + -255. What is the remainder when v is divided by 30?
19
Let c = 181 - 122. Let g = c + -27. What is the remainder when g is divided by 1 + 21 - (2 - -3)?
15
Suppose 13*i - 6 = 15*i. Calculate the remainder when i - (-2)/(8/148) is divided by 9.
7
Let s = 12 + -6. Suppose 127 + 153 = -5*v. Let b = 84 + v. Calculate the remainder when b is divided by s.
4
Calculate the remainder when 300/(-9)*(11 + -26) is divided by 36.
32
Let b(l) = -l**2 - 10*l + 2. Let j = 46 + -52. What is the remainder when b(j) is divided by 10?
6
Suppose -5*f + 50 = 4*a - 0*f, 10 = 5*f. Suppose j - a + 4 = 0. Calculate the remainder when 20 is divided by j.
2
Let b be (-4 + 344/10)/(2/25). Suppose -9*z = z - b. Calculate the remainder when z is divided by 20.
18
Let i(t) = -2*t**2 - 41*t + 98. Let s(a) = -a**2 - 20*a + 49. Let x(r) = 3*i(r) - 7*s(r). Calculate the remainder when 109 is divided by x(-20).
10
Suppose g + u - 22 = 0, 4*g + 5*u = 6*g - 65. Suppose 0 = 5*d - 9*d + 80. Let m = d + -7. What is the remainder when g is divided by m?
12
Let j(d) = -d**2 - d + 24. Let v(k) = k**3 + 6*k**2 -